{"id":1070,"date":"2018-04-07T16:36:30","date_gmt":"2018-04-07T16:36:30","guid":{"rendered":"http:\/\/www.baraoecosta.pt\/web\/?page_id=1070"},"modified":"2022-11-29T12:29:11","modified_gmt":"2022-11-29T12:29:11","slug":"recursos-humanos","status":"publish","type":"page","link":"https:\/\/www.baraoecosta.pt\/web\/recursos-humanos\/","title":{"rendered":"Recursos Humanos"},"content":{"rendered":"<div id=\"pl-1070\"  class=\"panel-layout\" ><div id=\"pg-1070-0\"  class=\"panel-grid panel-has-style\" ><div class=\"siteorigin-panels-stretch panel-row-style panel-row-style-for-1070-0\" data-stretch-type=\"full-stretched\" ><div id=\"pgc-1070-0-0\"  class=\"panel-grid-cell\" ><div id=\"panel-1070-0-0-0\" class=\"so-panel widget widget_sow-google-map panel-first-child panel-last-child\" data-index=\"0\" ><div\n\t\t\t\n\t\t\tclass=\"so-widget-sow-google-map so-widget-sow-google-map-default-6b23895f316e-1070\"\n\t\t\t\n\t\t>\n<div class=\"sow-google-map-canvas\"\n\tstyle=\"\"\n\tid=\"map-canvas-b1ae46208c65e53b2468100bd0ca9b02\"\n\tdata-options=\"{&quot;address&quot;:&quot;Bar\\u00e3o &amp; Costa Lda&quot;,&quot;zoom&quot;:17,&quot;mobileZoom&quot;:17,&quot;gestureHandling&quot;:&quot;greedy&quot;,&quot;disableUi&quot;:false,&quot;markerIcon&quot;:false,&quot;markersDraggable&quot;:false,&quot;markerAtCenter&quot;:true,&quot;markerInfoDisplay&quot;:&quot;click&quot;,&quot;markerInfoMultiple&quot;:true,&quot;markerPositions&quot;:false,&quot;mapName&quot;:false,&quot;mapStyles&quot;:false,&quot;directions&quot;:&quot;&quot;,&quot;apiKey&quot;:&quot;AIzaSyDHewI13Y_RE57B65AtaeRRnFf5UFD6tkY&quot;,&quot;breakpoint&quot;:780,&quot;id&quot;:&quot;69f20b&quot;}\"\n\tdata-fallback-image=\"{&quot;img&quot;:&quot;&quot;}\"><\/div>\n<\/div><\/div><\/div><\/div><\/div><div id=\"pg-1070-1\"  class=\"panel-grid panel-has-style\" ><div class=\"panel-row-style panel-row-style-for-1070-1\" ><div id=\"pgc-1070-1-0\"  class=\"panel-grid-cell\" ><div id=\"panel-1070-1-0-0\" class=\"so-panel widget widget_sow-editor panel-first-child panel-last-child\" data-index=\"1\" ><div\n\t\t\t\n\t\t\tclass=\"so-widget-sow-editor so-widget-sow-editor-base\"\n\t\t\t\n\t\t>\n<div class=\"siteorigin-widget-tinymce textwidget\">\n\t<h1><em><strong>RECURSOS HUMANOS<br \/><\/strong><\/em><\/h1>\n<p>Caso pretenda candidatar-se a uma vaga na Loja Bar\u00e3o &amp; Costa, preencha o seguinte formul\u00e1rio.<\/p>\n<p>O preenchimento deste formul\u00e1rio \u00e9 condi\u00e7\u00e3o para permanecer no processo de selec\u00e7\u00e3o.<\/p>\n<hr \/>\n<\/div>\n<\/div><\/div><\/div><\/div><\/div><div id=\"pg-1070-2\"  class=\"panel-grid panel-has-style\" ><div class=\"panel-row-style panel-row-style-for-1070-2\" ><div id=\"pgc-1070-2-0\"  class=\"panel-grid-cell\" ><div id=\"panel-1070-2-0-0\" class=\"so-panel widget widget_sow-editor panel-first-child panel-last-child\" data-index=\"2\" ><div\n\t\t\t\n\t\t\tclass=\"so-widget-sow-editor so-widget-sow-editor-base\"\n\t\t\t\n\t\t>\n<div class=\"siteorigin-widget-tinymce textwidget\">\n\t\n<div class=\"wpcf7 no-js\" id=\"wpcf7-f1076-o1\" lang=\"pt-PT\" dir=\"ltr\" data-wpcf7-id=\"1076\">\n<div class=\"screen-reader-response\"><p role=\"status\" aria-live=\"polite\" aria-atomic=\"true\"><\/p> <ul><\/ul><\/div>\n<form action=\"\/web\/wp-json\/wp\/v2\/pages\/1070#wpcf7-f1076-o1\" method=\"post\" class=\"wpcf7-form init\" aria-label=\"Formul\u00e1rio de contacto\" enctype=\"multipart\/form-data\" novalidate=\"novalidate\" data-status=\"init\">\n<fieldset class=\"hidden-fields-container\"><input type=\"hidden\" name=\"_wpcf7\" value=\"1076\" \/><input type=\"hidden\" name=\"_wpcf7_version\" value=\"6.1.5\" \/><input type=\"hidden\" name=\"_wpcf7_locale\" value=\"pt_PT\" \/><input type=\"hidden\" name=\"_wpcf7_unit_tag\" value=\"wpcf7-f1076-o1\" \/><input type=\"hidden\" name=\"_wpcf7_container_post\" value=\"0\" \/><input type=\"hidden\" name=\"_wpcf7_posted_data_hash\" value=\"\" \/><input type=\"hidden\" name=\"_wpcf7_recaptcha_response\" value=\"\" \/>\n<\/fieldset>\n<p><label> <b>Posi\u00e7\u00e3o a que se candidata<\/b> <span class=\"wpcf7-form-control-wrap\" data-name=\"posicaocandidatura\"><input size=\"300\" maxlength=\"400\" class=\"wpcf7-form-control wpcf7-text\" aria-invalid=\"false\" value=\"\" type=\"text\" name=\"posicaocandidatura\" \/><\/span><\/label>\n<\/p>\n<p><label> <b>O seu nome<\/b> (obrigat\u00f3rio)<span class=\"wpcf7-form-control-wrap\" data-name=\"your-name\"><input size=\"300\" maxlength=\"400\" class=\"wpcf7-form-control wpcf7-text wpcf7-validates-as-required\" aria-required=\"true\" aria-invalid=\"false\" value=\"\" type=\"text\" name=\"your-name\" \/><\/span> <\/label>\n<\/p>\n<p><label> <b>O seu email<\/b> (obrigat\u00f3rio)<span class=\"wpcf7-form-control-wrap\" data-name=\"your-email\"><input size=\"300\" maxlength=\"400\" class=\"wpcf7-form-control wpcf7-email wpcf7-validates-as-required wpcf7-text wpcf7-validates-as-email\" aria-required=\"true\" aria-invalid=\"false\" value=\"\" type=\"email\" name=\"your-email\" \/><\/span> <\/label>\n<\/p>\n<p><label> <b>A sua morada<\/b> (obrigat\u00f3rio)<span class=\"wpcf7-form-control-wrap\" data-name=\"morada\"><input size=\"300\" maxlength=\"400\" class=\"wpcf7-form-control wpcf7-text wpcf7-validates-as-required\" aria-required=\"true\" aria-invalid=\"false\" value=\"\" type=\"text\" name=\"morada\" \/><\/span> <\/label>\n<\/p>\n<p><label> <b>A sua localidade<\/b> (obrigat\u00f3rio)<span class=\"wpcf7-form-control-wrap\" data-name=\"localidade\"><input size=\"300\" maxlength=\"400\" class=\"wpcf7-form-control wpcf7-text wpcf7-validates-as-required\" aria-required=\"true\" aria-invalid=\"false\" value=\"\" type=\"text\" name=\"localidade\" \/><\/span> <\/label>\n<\/p>\n<p><label> <b>O seu c\u00f3digo postal<\/b> (obrigat\u00f3rio)<span class=\"wpcf7-form-control-wrap\" data-name=\"codpostal\"><input size=\"300\" maxlength=\"400\" class=\"wpcf7-form-control wpcf7-text wpcf7-validates-as-required\" aria-required=\"true\" aria-invalid=\"false\" value=\"\" type=\"text\" name=\"codpostal\" \/><\/span> <\/label>\n<\/p>\n<p><label> <b>O seu n\u00famero de telem\u00f3vel<\/b> (obrigat\u00f3rio)<span class=\"wpcf7-form-control-wrap\" data-name=\"telemovel\"><input size=\"300\" maxlength=\"400\" class=\"wpcf7-form-control wpcf7-text wpcf7-validates-as-required\" aria-required=\"true\" aria-invalid=\"false\" value=\"\" type=\"text\" name=\"telemovel\" \/><\/span> <\/label>\n<\/p>\n<p><label> <b>A sua data de nascimento<\/b> (obrigat\u00f3rio)<span class=\"wpcf7-form-control-wrap\" data-name=\"datanascimento\"><input size=\"300\" maxlength=\"400\" class=\"wpcf7-form-control wpcf7-text wpcf7-validates-as-required\" aria-required=\"true\" aria-invalid=\"false\" value=\"\" type=\"text\" name=\"datanascimento\" \/><\/span> <\/label>\n<\/p>\n<p><label> <b>Nacionalidade<\/b> <span class=\"wpcf7-form-control-wrap\" data-name=\"nacionalidade\"><input size=\"300\" maxlength=\"400\" class=\"wpcf7-form-control wpcf7-text\" aria-invalid=\"false\" value=\"\" type=\"text\" name=\"nacionalidade\" \/><\/span> <\/label>\n<\/p>\n<p><label> <b>Estado Civil<\/b> <span class=\"wpcf7-form-control-wrap\" data-name=\"estadocivil\"><input size=\"300\" maxlength=\"400\" class=\"wpcf7-form-control wpcf7-text\" aria-invalid=\"false\" value=\"\" type=\"text\" name=\"estadocivil\" \/><\/span> <\/label>\n<\/p>\n<hr \/>\n<p><label> <b>Habilita\u00e7\u00f5es Liter\u00e1rias<\/b> (obrigat\u00f3rio)<span class=\"wpcf7-form-control-wrap\" data-name=\"habilitacoesliterarias\"><input size=\"300\" maxlength=\"400\" class=\"wpcf7-form-control wpcf7-text wpcf7-validates-as-required\" aria-required=\"true\" aria-invalid=\"false\" value=\"\" type=\"text\" name=\"habilitacoesliterarias\" \/><\/span> <\/label>\n<\/p>\n<p><label> <b>Experi\u00eancia Profissional<\/b><span class=\"wpcf7-form-control-wrap\" data-name=\"experienciaprofissional\"><textarea cols=\"40\" rows=\"10\" maxlength=\"2000\" class=\"wpcf7-form-control wpcf7-textarea\" aria-invalid=\"false\" name=\"experienciaprofissional\"><\/textarea><\/span> <\/label>\n<\/p>\n<p><label> <b>Actividades extra-curriculares <\/b><span class=\"wpcf7-form-control-wrap\" data-name=\"atividadesxtra\"><textarea cols=\"40\" rows=\"10\" maxlength=\"2000\" class=\"wpcf7-form-control wpcf7-textarea\" aria-invalid=\"false\" name=\"atividadesxtra\"><\/textarea><\/span> <\/label>\n<\/p>\n<hr \/>\n<p><label> <b>Disponibilidade<\/b> <span class=\"wpcf7-form-control-wrap\" data-name=\"disponibilidade\"><input size=\"300\" maxlength=\"400\" class=\"wpcf7-form-control wpcf7-text\" aria-invalid=\"false\" value=\"\" type=\"text\" name=\"disponibilidade\" \/><\/span> <\/label>\n<\/p>\n<p><label> <b>Carta de Condu\u00e7\u00e3o<\/b> <\/label><span class=\"wpcf7-form-control-wrap\" data-name=\"CartadeConducao\"><span class=\"wpcf7-form-control wpcf7-radio\"><span class=\"wpcf7-list-item first\"><label><input type=\"radio\" name=\"CartadeConducao\" value=\"Sim\" checked=\"checked\" \/><span class=\"wpcf7-list-item-label\">Sim<\/span><\/label><\/span><span class=\"wpcf7-list-item last\"><label><input type=\"radio\" name=\"CartadeConducao\" value=\"N\u00e3o\" \/><span class=\"wpcf7-list-item-label\">N\u00e3o<\/span><\/label><\/span><\/span><\/span>\n<\/p>\n<p><label> <b>Viatura Pr\u00f3pria<\/b> <\/label><span class=\"wpcf7-form-control-wrap\" data-name=\"Viatura\"><span class=\"wpcf7-form-control wpcf7-radio\"><span class=\"wpcf7-list-item first\"><input type=\"radio\" name=\"Viatura\" value=\"Sim\" checked=\"checked\" \/><span class=\"wpcf7-list-item-label\">Sim<\/span><\/span><span class=\"wpcf7-list-item last\"><input type=\"radio\" name=\"Viatura\" value=\"N\u00e3o\" \/><span class=\"wpcf7-list-item-label\">N\u00e3o<\/span><\/span><\/span><\/span>\n<\/p>\n<p><label> <b>Observa\u00e7\u00f5es <\/b><span class=\"wpcf7-form-control-wrap\" data-name=\"observacoes\"><textarea cols=\"40\" rows=\"10\" maxlength=\"2000\" class=\"wpcf7-form-control wpcf7-textarea\" aria-invalid=\"false\" name=\"observacoes\"><\/textarea><\/span> <\/label>\n<\/p>\n<p><label> <b>Anexar CV<\/b> <\/label><span class=\"wpcf7-form-control-wrap\" data-name=\"FicheiroAnexo\"><input size=\"40\" class=\"wpcf7-form-control wpcf7-file\" accept=\".pdf,.jpg,.png,.gif\" aria-invalid=\"false\" type=\"file\" name=\"FicheiroAnexo\" \/><\/span>\n<\/p>\n<p><label> <b>Privacidade - Autorizo que os meus dados pessoais sejam utilizados pela Bar\u00e3o & Costa para fins de contactos comerciais <\/b><\/label><span class=\"wpcf7-form-control-wrap\" data-name=\"Privacidadedosdados\"><span class=\"wpcf7-form-control wpcf7-radio\"><span class=\"wpcf7-list-item first\"><input type=\"radio\" name=\"Privacidadedosdados\" value=\"Sim\" checked=\"checked\" \/><span class=\"wpcf7-list-item-label\">Sim<\/span><\/span><span class=\"wpcf7-list-item last\"><input type=\"radio\" name=\"Privacidadedosdados\" value=\"N\u00e3o\" \/><span class=\"wpcf7-list-item-label\">N\u00e3o<\/span><\/span><\/span><\/span>\n<\/p>\n<p><input class=\"wpcf7-form-control wpcf7-submit has-spinner\" type=\"submit\" value=\"Enviar\" \/>\n<\/p><div class=\"wpcf7-response-output\" aria-hidden=\"true\"><\/div>\n<\/form>\n<\/div>\n\n<\/div>\n<\/div><\/div><\/div><div id=\"pgc-1070-2-1\"  class=\"panel-grid-cell\" ><div id=\"panel-1070-2-1-0\" class=\"so-panel widget widget_sow-editor panel-first-child panel-last-child\" data-index=\"3\" ><div\n\t\t\t\n\t\t\tclass=\"so-widget-sow-editor so-widget-sow-editor-base\"\n\t\t\t\n\t\t>\n<div class=\"siteorigin-widget-tinymce textwidget\">\n\t<p><b>Bar\u00e3o &amp; Costa, Lda<\/b><\/p>\n<p><b>Morada<\/b>: Estrada Nacional 11, 308,<br \/>\n2835 - 175 Baixa da Banheira<\/p>\n<p><b> Coordenadas GPS:<\/b><br \/>\n<b>Latitude:<\/b> 38.655564\u00ba<br \/>\n<b>Longitude:<\/b> -9.0350216\u00ba<\/p>\n<p><b>Telefones:<\/b> +351 212 099 650\/9<br \/>\n<em>(Chamada para a rede fixa nacional)<\/em><\/p>\n<p><b>e- mail:<\/b> <a href=\"mailto:geral@baraoecosta.pt\">geral@baraoecosta.pt<\/a><\/p>\n<p>&nbsp;<\/p>\n<p>&nbsp;<\/p>\n<\/div>\n<\/div><\/div><\/div><\/div><\/div><div id=\"pg-1070-3\"  class=\"panel-grid panel-has-style\" ><div class=\"panel-row-style panel-row-style-for-1070-3\" ><div id=\"pgc-1070-3-0\"  class=\"panel-grid-cell\" ><div id=\"panel-1070-3-0-0\" class=\"so-panel widget widget_sow-editor panel-first-child panel-last-child\" data-index=\"4\" ><div\n\t\t\t\n\t\t\tclass=\"so-widget-sow-editor so-widget-sow-editor-base\"\n\t\t\t\n\t\t>\n<div class=\"siteorigin-widget-tinymce textwidget\">\n\t<hr \/>\n<\/div>\n<\/div><\/div><\/div><\/div><\/div><\/div>","protected":false},"excerpt":{"rendered":"<p>RECURSOS HUMANOS Caso pretenda candidatar-se a uma vaga na Loja Bar\u00e3o &amp; Costa, preencha o seguinte formul\u00e1rio. O preenchimento deste formul\u00e1rio \u00e9 condi\u00e7\u00e3o para permanecer no processo de selec\u00e7\u00e3o.<\/p>\n","protected":false},"author":1,"featured_media":0,"parent":0,"menu_order":0,"comment_status":"closed","ping_status":"closed","template":"","meta":{"generate_page_header":"","footnotes":""},"class_list":["post-1070","page","type-page","status-publish"],"_links":{"self":[{"href":"https:\/\/www.baraoecosta.pt\/web\/wp-json\/wp\/v2\/pages\/1070","targetHints":{"allow":["GET"]}}],"collection":[{"href":"https:\/\/www.baraoecosta.pt\/web\/wp-json\/wp\/v2\/pages"}],"about":[{"href":"https:\/\/www.baraoecosta.pt\/web\/wp-json\/wp\/v2\/types\/page"}],"author":[{"embeddable":true,"href":"https:\/\/www.baraoecosta.pt\/web\/wp-json\/wp\/v2\/users\/1"}],"replies":[{"embeddable":true,"href":"https:\/\/www.baraoecosta.pt\/web\/wp-json\/wp\/v2\/comments?post=1070"}],"version-history":[{"count":8,"href":"https:\/\/www.baraoecosta.pt\/web\/wp-json\/wp\/v2\/pages\/1070\/revisions"}],"predecessor-version":[{"id":1309,"href":"https:\/\/www.baraoecosta.pt\/web\/wp-json\/wp\/v2\/pages\/1070\/revisions\/1309"}],"wp:attachment":[{"href":"https:\/\/www.baraoecosta.pt\/web\/wp-json\/wp\/v2\/media?parent=1070"}],"curies":[{"name":"wp","href":"https:\/\/api.w.org\/{rel}","templated":true}]}}